e 5*c - 3*f - 6 = 1, 2*c + 4*f = 8. Suppose 0 = 5*b + 5*w - 3*w + 20, 0 = 2*b + 3*w + 8. Let h = c - b. What is the units digit of h?
6
What is the units digit of (31*7)/(-8 + 9)?
7
Let g = -7 - -4. What is the tens digit of ((-32)/g)/(7/21)?
3
Suppose -6*g + 220 - 64 = 0. What is the tens digit of g?
2
Let h be (0 - -8)*(-3)/(-6). Suppose n = -4*y + 47, -49 - 18 = -h*y + 3*n. What is the tens digit of y?
1
Suppose -u - 40 = -5*u. Let f = u + 6. What is the units digit of f?
6
Let v be 2/(6/111) - 2. Let g be 220/v + 2/(-7). What is the units digit of -4 + g + (-1)/(-1)?
3
Let u = -14 + 19. What is the tens digit of 99/5 + 1/u?
2
Let p(l) = l**3 + 8*l**2 - 9*l + 2. Let z be p(-9). Suppose z*i + i = 21. Let f = 17 - i. What is the units digit of f?
0
What is the tens digit of (0 - (3 - 32))/1?
2
Let r(h) = 5*h**2 + 3*h + 4. What is the tens digit of r(-2)?
1
Let r(u) = -5*u**3 - 3*u**2 - 4*u - 5. What is the units digit of r(-3)?
5
Let b be 0 - 2 - -6 - 1. Let z = b - 2. What is the units digit of 7 + 1/z*-1?
6
Let z be 5/((-1)/12*-3). Suppose -3*h - 2*h + z = 0. Suppose h*a - 9 = 11. What is the units digit of a?
5
Let m(r) = -r**3 + 2*r**2 + r - 1. Suppose 3*c + 2*c = 0. Let w = c + 2. What is the units digit of m(w)?
1
Suppose 0 = 2*x - 0 - 6. Suppose 40 = k + x*k. Suppose -4*t + 18 = -k. What is the units digit of t?
7
Suppose 3*t = -2*k - 22, -3*k + k - 32 = -2*t. Let w = k + 28. What is the units digit of w?
4
Let f = -5 - -2. Let s(v) = -2*v**3 - 7*v**2 - 3*v - 8. Let h(c) = c**3 + c + 1. Let j(l) = f*h(l) - s(l). What is the units digit of j(7)?
5
Suppose -5*k + 4*k - 4 = 0, k = 3*b + 83. Let i = b + 45. What is the tens digit of i?
1
Suppose 5*q - w = 27 + 14, 4*q = 2*w + 34. What is the units digit of q?
8
Suppose -5*v + o - 46 = 0, 7*v = 2*v - 3*o - 62. Let f = -7 - v. What is the units digit of f?
3
Let t be (-14 - -13)/(1/(-10)). Suppose -t*z = -11*z + 26. What is the units digit of z?
6
Suppose 0*c - 58 = -2*c. What is the units digit of c?
9
What is the tens digit of (-2)/(-8) - 1146/(-24)?
4
Suppose 6*x + 18 = 9*x. What is the units digit of x?
6
Let l(r) = -r. Let y(c) = 2*c + 4. Let w(x) = -l(x) - y(x). What is the units digit of w(-10)?
6
Let m = 4 + -1. Suppose -m*g + d + 78 = 4*d, -d = 2. What is the units digit of g?
8
Let d(a) = -a**2 - 5*a + 3. What is the units digit of d(-4)?
7
Let x(z) = 22*z**3 - 2*z + 1. Let w = 16 + -15. What is the units digit of x(w)?
1
Let d(w) = -w**3 + 16*w**2 - 12*w - 20. What is the tens digit of d(15)?
2
Let z = 4 - 5. Let k(h) = 3*h**2 + h. Let i be k(z). What is the units digit of 1/i + 3/6?
1
Let z(h) = 3*h**2 - 6*h + 11. What is the units digit of z(5)?
6
Suppose 0*x = -3*x + 6, -2*w + 3*x + 28 = 0. What is the units digit of w?
7
Suppose 0 = 3*w - 6. Suppose 9 = -w*o - 1. Let s = o + 10. What is the units digit of s?
5
Suppose d + 2*d - 3*h = -9, 3*h - 3 = d. What is the tens digit of (-1)/(d/((-171)/(-3)))?
1
Suppose -10 = 2*g + 4*x, -x - 5 = 5*g + 4*x. Suppose 0*h + g*h = 30. What is the units digit of 4/(-20) + 22/h?
2
What is the units digit of -3*(-191)/4 + (-45)/(-60)?
4
Let u = 29 - 2. What is the tens digit of u?
2
Let p(f) = 7*f + 12*f**2 - 11*f**2 - 6 + 0 - 3. Let r(b) = 8*b - 1. Let k be r(-1). What is the units digit of p(k)?
9
Let g(y) = -y + 5. Let r be 2 - 3/1 - -1. Let k be g(r). Let j = k - -7. What is the tens digit of j?
1
Let x(z) = 2*z**2 - 4*z - 1. What is the tens digit of x(5)?
2
Let m be 0*-1*2/2. Suppose -j - 2*l + 16 = m, 2*l + 17 = 2*j - 3. What is the units digit of j?
2
Let a = -8 + 12. What is the units digit of ((-26)/a)/(3/(-6))?
3
Suppose 8 = -4*p - 24. Let x(t) = t**3 + 7*t**2 - 11*t - 11. What is the tens digit of x(p)?
1
Let a(m) = -8*m**2 - m. Let h be a(-1). What is the units digit of (-3)/(3/(h - 2))?
9
Let v(r) = 19*r**3 - r**2 - r + 1. Suppose 5 = 4*k + 1. What is the tens digit of v(k)?
1
Let p = 7 + 3. Let b = p + -4. What is the units digit of b?
6
Let m(l) = -l**3 - 11*l**2 + 8*l - 12. What is the units digit of m(-12)?
6
Let i(t) = t**3 + 7*t**2 + 4*t - 7. Let d be (-4)/2*5/2. What is the units digit of i(d)?
3
Let b = -18 - -59. What is the tens digit of b?
4
Suppose 0*z - 4*r = -z - 8, -r - 15 = 4*z. Let k = z - -24. What is the tens digit of k?
2
Let b(h) = h**3 + 7*h**2 - 9*h - 1. Let s be b(-8). Suppose -3*i - 2*d = s, -3*d - 13 - 3 = -i. What is the units digit of i?
1
Let d = 11 + 55. What is the units digit of d?
6
What is the units digit of 1/(1 - (-24)/(-25))?
5
Let r(x) = x**3 + x + 3. Let z be r(0). Let l = -41 + 81. Suppose 4*f + 4*t - l = 0, 5*f + z*t + 0*t = 46. What is the units digit of f?
8
Let j = -1 - -5. What is the units digit of 8/3*15/j?
0
Let i(g) = g**2 - 10*g + 6. What is the tens digit of i(11)?
1
Let a(x) = -x - 1. Let z(i) = -4. Let b(j) = 5*a(j) + z(j). What is the units digit of b(-6)?
1
Let w(f) be the first derivative of -f**4/4 + 4*f**3/3 - 3*f + 3. Suppose -5*z = -10 - 5. What is the units digit of w(z)?
6
Let m = 31 + -25. What is the units digit of m?
6
Suppose h - f = -0*f + 21, -2*h + 77 = 5*f. What is the tens digit of h?
2
Suppose -3*x + 8*x + 90 = 0. Let g = x + 12. What is the units digit of (g/4)/((-4)/24)?
9
Let w(h) = 4*h + 6. Let k be w(-9). Let v be 20/k*30/(-4). Suppose -2*i + i = -v. What is the units digit of i?
5
Let q = 486 - 254. What is the hundreds digit of q?
2
Suppose 3*o - 4*r - 53 = 19, 15 = -5*r. What is the units digit of o?
0
Let b(v) = -4 - 3 + 0 + 16*v. Let w(t) = -24*t + 10. Let s(g) = -7*b(g) - 5*w(g). What is the units digit of s(1)?
7
Let k(q) = 9*q + 2. What is the tens digit of k(2)?
2
Suppose 2*w + 16 = 5*a, -6 = w - a - a. Let v = w - -3. Suppose v*t - 4*t - 4 = 0. What is the units digit of t?
4
Suppose 26 = 3*y - 19. Let b = y - 0. What is the units digit of b?
5
Let t be (1 - -4)*(-60)/25. What is the units digit of -1 - t - 3/1?
8
Let y(a) = -a**2 - 18*a - 2. What is the tens digit of y(-17)?
1
Let h be 1/((-8)/(-6) + -1). Suppose -5*o + 42 = -h*o. What is the tens digit of o?
2
Let y(a) = -a + 5. Suppose 3*s + s = 20. Let p be y(s). Let z = 8 + p. What is the units digit of z?
8
What is the tens digit of 3 + (-5 + 4 - -1 - -197)?
0
Suppose -p + 4 = 2. Suppose 6 + 6 = -p*d. What is the units digit of (-7 - -5)*d/4?
3
Let u(m) = -m**2 - 10*m - 1. Let n be (1/2)/((-2)/32). What is the units digit of u(n)?
5
Let z = -6 + 3. Let u = 26 + z. What is the units digit of u?
3
What is the hundreds digit of 20/(-4) - (-9 + -227)?
2
Let w(l) = 10*l - 3. Let n be w(4). Suppose -7 + n = 5*f. What is the units digit of f?
6
Let r be ((-145)/(-15))/(1/3). Let s = r + -14. What is the tens digit of s?
1
Let j(l) = l**2 - 2*l - 1. What is the units digit of j(3)?
2
Let d(z) = -2*z - 4*z + 3 - 3*z**3 - 5*z + 2*z**3 - 10*z**2. What is the units digit of d(-9)?
1
Let v be 3*(0 - 28/12). Let j = v + 13. What is the units digit of j?
6
Suppose -22 = 2*a + 2*u + u, 2*a + 4*u + 18 = 0. Let s = -6 - a. What is the tens digit of s?
1
Suppose -9*l = -1101 + 102. What is the hundreds digit of l?
1
What is the tens digit of (-5)/1 + 4 + 226?
2
Suppose 0 = 3*x - 6, -4*b + b = -3*x - 258. What is the units digit of b?
8
Suppose 0 = -m - 3, -x + 2*m + 160 = -76. What is the tens digit of x?
3
Let c be 3/((3/5)/3). Suppose 4*w - 20 = 0, 0 = 3*m + 4*w - c - 11. Suppose 17 = m*f + 1. What is the units digit of f?
8
Let p = 160 - 93. What is the units digit of p?
7
Suppose 0 = -4*j + 4*d + 1176, -5*j + 1494 - 21 = -4*d. What is the hundreds digit of j?
2
Let z(k) be the second derivative of k**5/20 + 5*k**4/12 + k**3/2 + k**2/2 - k. Let t(j) = 2*j - 38. Let p be t(17). What is the units digit of z(p)?
5
Let s be 290/30 - (-2)/(-3). Suppose 3*b = 5*w + 84, 2*w - 8 = -b + s. What is the units digit of b?
3
Let l(z) = -z**2 - 9*z - 5. Let n(g) = -g**3 - 4*g**2 + 5*g - 5. Let m be n(-5). What is the units digit of l(m)?
5
Let k = 1 + 1. Let y be k + 0*2/6. What is the units digit of 2*(1 - y/(-4))?
3
Suppose 4*d + 6 = 6*d. Suppose -5*v + 4 = 3*g, 6*g - d*g - 40 = 4*v. What is the units digit of g?
8
Suppose -2*p - 2*q - 16 = -6*p, 15 = 3*p - 3*q. Suppose 4*g - 4*v - 72 = 0, -6*v + 4*v = p*g - 54. What is the tens digit of g?
1
Let g be (-9)/(-3)*2 + -2. Suppose -g*u + u = -3. What is the units dig